39.
-17
(1144 - 1145) + (2 + -4 - 30)
-33
What is the value of 0 + -1 + (1 - -46) + (0 - -157) + -145?
58
What is -16 + 13 + (4 - -16) + 9 - (-13 - -1)?
38
Evaluate (58 - 0) + -5020 + 4921.
-41
11 + 2 + -7 + 4 - 12 - 34
-36
Evaluate 278 + -288 + 22 + -1.
11
What is the value of -21 - (-100 + 100 + 59)?
-80
Evaluate -6 - (-9 + 15 + (34 - 108)).
62
Calculate (70 - 52) + (1 - -14) + 15 + -21.
27
Calculate -88 - 1 - (-69 + (-59 - -131)).
-92
What is 22152 + -22127 + (2 - 0 - 44)?
-17
Calculate (22 + -30 + 20 - (-4 + 15)) + -6.
-5
Calculate (-10 + 5 - (-4 + -2)) + -11 - (132 - 118).
-24
Evaluate 12 - (3 - (-20 + 28 - (-8 - -83))).
-58
-64 + (4 - (-117 + 47))
10
(11873 - 12104) + (1 - -115)
-115
What is (-1 - 40) + (25685 - 25578)?
66
-204 + 188 - (11 - 4 - (1 - -14))
-8
Evaluate (128 - 234) + 21 - -168.
83
What is the value of (11580 - 11486) + (-8 + 2 - (2 + -1 + 1))?
86
What is the value of (-4 - (-23 + 10 - (6 - 20))) + -23?
-28
Calculate (1 + -10 - (5 - 10)) + 46 + 89.
131
Calculate (-4 - -151) + -248 - (-46 + 3).
-58
What is the value of -22 + 0 + -10 + 13 + -49 + 41?
-27
Evaluate -41 + (-18 - -37) + 22 - -6.
6
(5 - -7 - 17) + (-24 - -29)
0
1 + 12 - ((-3 + 5 - 38) + 12)
37
Calculate 17 - ((201 - 167) + 0 + 9).
-26
What is the value of (-12 - 16) + 248 + -170?
50
-375 + 354 - (-13 + (4 + -5 - (2 - 3)))
-8
Evaluate (8 - (12 - (-2 + 2))) + -5 + 90 + -10.
71
Calculate 0 + 22 + -13 - (-3 + -27 - 3 - 8).
50
Calculate (-3 - 49 - (5 - (44 - 18))) + 20.
-11
What is -2 + (10 - 0) - (-102 + 64 + -9)?
55
Evaluate 9 - (-2 + 7) - -1 - 0.
5
What is -1 + (3 - (13 - 2) - (-13 - 12))?
16
(71 - 13 - 109) + 3
-48
What is the value of -47 + 43 + -55 + (6 - 6) + 3?
-56
What is the value of -1 - (-6 - (-55 + 0 + (108 - 100)))?
-42
(-2 - 29) + 55 + -36 + (-1 - -53)
40
What is the value of (-16 - 61) + 116 + -39?
0
What is the value of (-2 - -10 - (-96 - -39)) + -263 + 278?
80
Evaluate -7 + 5 + 8 - (8 + -5 + (11 - 5)).
-3
What is the value of 16 - (-9 - (-7 - 2) - (-23 - 18))?
-25
Calculate 89 - (-133 + 75 - -75).
72
What is the value of 1189 - 1284 - (-22 + -1)?
-72
Calculate (-87 - 6) + 527 + -468.
-34
What is the value of (8 + -55 - -54) + -3 + 1 + (5 - 16)?
-6
What is 24 - (1 + 2 + (-25 - -39) + -7)?
14
Calculate (-5 - (-6 - -3)) + 2 - (5 + 2 + 39).
-46
What is 34 - ((12 - -7) + -7 + -10)?
32
Calculate (0 - (42 - (-1 + 0))) + (259 - 404) + 149.
-39
Evaluate 32 - (117 - 134) - -54.
103
What is 10 + (-90 - -29) + (-7 - 13)?
-71
What is 94 + 56 + 87 + -186?
51
What is the value of -51 + 89 + -5 + -43?
-10
What is 16 + 0 + (-4 - -6) + 10 + 16 + -25?
19
Calculate 100 + (-105 - -46) + -93.
-52
-1040 + 1008 + (66 - 1)
33
What is the value of -19 + -3 + -9 + 1 + 65?
35
What is -5 - -40 - (472 - 450)?
13
What is 18 - (-9 + 19) - (-34 - -1)?
41
(-1 - (3 - 31)) + 79 + -73
33
Evaluate 38 + -50 + 15 - 0.
3
What is the value of (229 - 214) + (-2 - -63) + 5 - -18?
99
Evaluate 118 - 238 - (-4 + -17 - 6).
-93
-3 + (49 - (-26 - -59)) - (1 - -77 - 2)
-63
-45 - (-19 + -13 + 30) - -15
-28
What is -4 - 7 - (-23 - -3) - (4 - 2 - 54)?
61
Calculate 1088 + -1101 - (4 - 40).
23
Evaluate (-6 - -9 - 8) + -47 - (-4 - (-11 + 18)).
-41
Calculate -1309 + 1384 + 4 + 26.
105
(-77 - 1) + 1 + -19 + -11 + (-4 - -22)
-89
36 - ((9 - 56) + 1 + 6)
76
Evaluate -2 - ((-18 - -4) + -5 + 11) - -23 - -3.
32
What is the value of -1 - ((2 - -81) + (127 - 146))?
-65
35 + 19 + (-3 - (-3 - -2)) + -10
42
What is the value of 10 + 3 + -2 + (26 - (30 + 15))?
-8
What is the value of 2936 + -2911 + (1 - 34)?
-8
What is -55 + (25 - 8) - -128?
90
52 + 32 + (-2 - 38) - (7 + 1 + -3)
39
-361 - -457 - (-1 + 0) - 16
81
What is -20 + -73 + 2 + 45 + 37?
-9
Evaluate -11 - ((33 + -23 - 8) + 0 + (1 - -69)).
-83
1 + -3 + (-1 + -21 - (-645 - -601) - 18)
2
Evaluate -755 + 782 - (0 - -14) - -43.
56
Calculate -29 - (-20 + -57) - -31.
79
Calculate -10 - ((-41 - 16) + -17 + 20).
44
Calculate (209 - 197) + -20 + 13.
5
What is 8161 - 8247 - (34 - -3)?
-123
What is (-66 - (-30 + 2)) + -13?
-51
Evaluate -8 + (0 - -7) + -19 + 28 + -39.
-31
What is the value of 292 - 238 - (100 + 2)?
-48
2 + (-2 - -5 - -59) - (-23 + 18 - -8)
61
Calculate 48 + -50 - (21 + -46 - -12).
11
What is -15 - (-14 + (15 - (10 - -15)) + 5)?
4
Calculate 63 + -18 + -57 + 59.
47
Evaluate (-11 - 3) + 3 - (-668 + 635 + 23 + 2).
-3
Evaluate (-13 - (-22 + 12)) + (-187 - -168).
-22
What is the value of -9 + 64 + -13 + (-23 - -29)?
48
Calculate -53 - (-66 + 33 - 3).
-17
-19 - ((5 - (20 + -6)) + -7) - -8
5
Evaluate 149 + -178 + 97 + -10.
58
Calculate 6 + -24 + 38 - ((-3 - 16) + 10).
29
Calculate (3 - 7) + 91 + 37 + -72 + 15.
67
What is the value of 1 + -115 - ((15 - 0) + (136 - 149)) - -7?
-109
14 + 12 + (3 - (3 + -7)) - -10
43
Calculate 3 + (-4 - 39 - (18 - (-8 - (6 - 19)))).
-53
What is the value of -73 + 16 - ((36 - 39) + -1 + (3 - -7))?
-63
Calculate -189 - -167 - (-87 - (-10 + 4)).
59
Calculate (38 - (-10 - (-19 - (-12 - -20)))) + -63.
-42
Evaluate (-203 - -317) + (0 - (1 + -2)) + (-140 - -133).
108
What is 24 - 24 - (5 + -13 + 25 + -3)?
-14
What is -103 + 50 + 88 - -3?
38
-131 + 113 - (4 + (4 - 2))
-24
Evaluate 480 - 457 - (-14 + 31).
6
Evaluate -11 + 13 - -7 - (15 + 20 - -30).
-56
4 + -82 - (13 + -27 + -3 + -1 - -3)
-63
(19 - (-67 + 69)) + 30
47
Calculate 30 + -52 + (-29 - -28).
-23
Calculate 11 + -14 + -11 + 37 + (12 - (94 - -4)).
-63
What is the value of 279 + -286 + -3 + 3 + -36 + 2?
-41
Evaluate -3 + -4 + 3 + -4 + (7 + 0 - 13).
-14
Calculate 35 - (5 - -49 - -8).
-27
Evaluate (-56 - -1) + 21 - 9.
-43
2 + -2 + 7 + (100 + -65 - 39)
3
What is -9 - ((3 - (-4 - -5)) + (30 + -13 - 22))?
-6
Evaluate 22 - (100 + -47 + -46).
15
What is the value of 152 + (-22 - 21) + -37 - 44?
28
What is the value of -31 + -72 + 87 + -24?
-40
What is 3 + -2 - (71 - (-2 - -5)) - (1520 + -1516)?
-71
What is (-29 - -19) + -7 + (51 - -5) + 10?
49
Evaluate 0 + (8 - (17 + (6 - 4))) - (-128 + 29).
88
What is -89 + 20 + 42 + 61 - 152?
-118
Evaluate (19 - (24 + (-15 - 12) + 17)) + 0 + -68.
-63
Evaluate (13 + -95 - -108) + (35 - 1).
60
25 + 2 + 8 + -14 + -5
16
Evaluate -9 + (-15 - -10 - (5 - -1)).
-20
Evaluate (63 - (63 + (-45 - -11))) + 42.
76
What is the value of (-31 - -6) + -8 + (23 - (20 + -2 + -12))?
-16
-3 + 0 + (-50 + -9 - -4 - -40)
-18
What is (-17 - (19 - (37 - -20))) + 1 + -3?
19
What is the value of 313 - 207 - 113 - (-2 + -59 - -1)?
53
(47 - (5 - (-4 + (-4 - -9)))) + (389 - 382)
50
What is the value of -240 + 296 + (-26 - 1) - -26?
55
Calculate (142 - 69 - 84) + 12 + 0.
1
29 - (258 + -283 - (-18 + -1))
35
What is the value of -5 + (52 - 86 - -72)?
33
Calculate (-77 - -43) + -17 + 99.
48
What is -12 + 79 + -10 + (24 - ((-9 - -13) + 6))?
71
What is -12 - (14 - 33) - 12 - 25?
-30
What is 1 + -60 + -48 + 86?
-21
(-1 + -13 + 5 - -9 - 1) + 24
23
Calculate (-34 - (-12 + 18 + -21)) + 2.
-17
What is (2 - (5 - (-17 - -32))) + -6?
6
106 - (29 - (35 - 14) - -6)
92
Evaluate 68 + (-34 - -93) - 52.
75
Calculate 19 + (-1 - -2) + 19 + -396 + 388.
31
What is the value of 4 - 39 - (819 + -879)?
25
-4 - (-7 + (5 - -11 - 8 - 8)) - 20
-17
(-11 - (-66 + 10)) + -83 + 61
23
What is 69 + -36 - 10 - -29?
52
What is 313 + -271 - (1 + 125)?
-84
Evaluate 114 - 93 - (-11 + -6) - (-6 - 4).
48
129 + -48 + -100 + 1 + 46
28
Evaluate (57 - 5) + 415 + -360.
107
Calculate ((-5 - ((-20 - -7) + 2)) + -12 - -67) + 9.
70
Calculate 19 + -28 + 47 + -2.
36
-28 - (6 + -24 + -21)
11
-4 + 20 + (-16 - -9) - (82 - (-6 - -14))
-65
Evaluate -9 + (-8 - (-32 + 6 + 13 - -5)) + -5.
-14
What is the value of -22 + 29 - -47 - 8?
46
What is the value of (10 + (-22 - 0 - -5) - -14) + -3 - -10?
14
Calculate -23 - (0 - (17 + (7 - (14 - 0)))).
-13
What is the value of -20 + 75 + -14 - 56?
-15
What is 86 + -26 + (-47 - -3)?
16
-125 - (-46 + -15 + -93)
29
Evaluate -46 - (7 + (-2 - (24 - -4)) + 12).
-35
What is the value of (-6 - 15) + -16 + -30 + -7 + 1?
-73
(8 - (-4 + 23)) + -5 - (-12 - 2)
-2
What is the value of -2 - (-80 + 84 - (1 - 1))?
-6
Evaluate 10 + -3 - (-11 + (3 + -6 - 4) + -18).
43
What is the value of (0 + 5 - 2) + 46 + (192 - 235)?
6
What is 1 - -1 - (-8 + 5) - 6 - (29 - -29)?
-59
What is -1 - -45 - (128 + -78 + -1)?
-5
What is -28 + 3 - (-47 - 10 - -45)?
-13
Calculate (11 - -42) + -19 - -13.
47
What is the value of 57 + (101 - 48) + -146?
-3